{"id":52,"date":"2019-05-27T19:22:41","date_gmt":"2019-05-27T17:22:41","guid":{"rendered":"http:\/\/zsezlotow.edu.pl\/?page_id=52"},"modified":"2025-05-20T09:41:21","modified_gmt":"2025-05-20T07:41:21","slug":"patron-szkoly-jan-pawel-ii","status":"publish","type":"page","link":"https:\/\/zsezlotow.edu.pl\/index.php\/patron-szkoly-jan-pawel-ii\/","title":{"rendered":"Patron szko\u0142y Jan Pawe\u0142 II"},"content":{"rendered":"\n<p class=\"has-medium-font-size\"> Jan Pawe\u0142 II, w\u0142a\u015bciwie Karol J\u00f3zef Wojty\u0142a (ur. 18 maja 1920 w  Wadowicach, zm. 2 kwietnia 2005 w Watykanie). Jego ojciec, by\u0142y  wojskowy, by\u0142 urz\u0119dnikiem Rejonowej Komendy Uzupe\u0142nie\u0144, matka za\u015b  zajmowa\u0142a si\u0119 dzie\u0107mi (Karol mia\u0142 bowiem starszego o 14 lat brata  Edmunda). Kiedy umar\u0142a 13 kwietnia 1929 roku na serce, obaj ch\u0142opcy i  ich ojciec bardzo to prze\u017cyli. Cztery lata p\u00f3\u017aniej na rodzin\u0119 spad\u0142a  kolejna tragedia &#8211; Edmund, kt\u00f3ry by\u0142 doktorem medycyny, zarazi\u0142 si\u0119 w  szpitalu w Bielsku szkarlatyn\u0105 i r\u00f3wnie\u017c zmar\u0142. Ojciec, pr\u00f3buj\u0105c  wynagrodzi\u0107 ma\u0142emu Karolowi podw\u00f3jn\u0105 strat\u0119, zabiera\u0142 go cz\u0119sto w g\u00f3ry,  do kt\u00f3rych mi\u0142o\u015bci\u0105 zarazi\u0142 syna. W\u0119drowali wi\u0119c wsp\u00f3lnie po Beskidzie  Ma\u0142ym i Tatrach. W roku 1938 Karol Wojty\u0142a sko\u0144czy\u0142 Pa\u0144stwowe Gimnazjum  im. Marcina Wadowity, po czym bez egzamin\u00f3w wst\u0119pnych, do czego  upowa\u017cnia\u0142o go celuj\u0105ce \u015bwiadectwo maturalne, rozpocz\u0105\u0142 studia  polonistyczne na wydziale Filozofii Uniwersytetu Jagiello\u0144skiego w  Krakowie, gdzie przeni\u00f3s\u0142 si\u0119 wraz z ojcem. Tam te\u017c kontynuowa\u0142 swoj\u0105  rozpocz\u0119t\u0105 jeszcze w szkole przygod\u0119 z teatrem i literatur\u0105.Na pierwszym  roku studi\u00f3w wst\u0105pi\u0142 wi\u0119c Wojty\u0142a do dzia\u0142aj\u0105cej na Uniwersytecie grupy  literackiej, gdzie zadebiutowa\u0142 15 pa\u017adziernika 1938 roku na wieczorze  literackim. Zapisa\u0142 si\u0119 tak\u017ce na zaj\u0119cia teatralne i do &#8222;Studia 39&#8221;,  kt\u00f3re wystawi\u0142o na obchodach Dni Krakowa w czerwcu 1939 ciesz\u0105c\u0105 si\u0119  ogromn\u0105 popularno\u015bci\u0105 w\u015br\u00f3d publiczno\u015bci ba\u015b\u0144 komediow\u0105 &#8222;Kawaler  Ksi\u0119\u017cycowy&#8221; Ni\u017cy\u0144skiego na motywach krakowskiej legendy o  czarnoksi\u0119\u017cniku Twardowskim. 1 wrze\u015bnia 1939 roku wybuch\u0142a II wojna  \u015bwiatowa. W listopadzie &#8217;39 Gestapo aresztowa\u0142o polskich profesor\u00f3w,  Karol Wojty\u0142a musia\u0142 wi\u0119c przerwa\u0107 studia.Przez 4 lata, od pa\u017adziernika  1940 do sierpnia 1944 roku pracowa\u0142 jako robotnik w kamienio\u0142omach na  Zakrz\u00f3wku i w Fabryce Sody &#8222;Solvay&#8221;, unikaj\u0105c w ten spos\u00f3b wyw\u00f3zki na  roboty do Niemiec. Nie zaprzesta\u0142 r\u00f3wnie\u017c dzia\u0142alno\u015bci literackiej i  teatralnej. Potajemnie, w prywatnych domach, razem ze swoim przyjacielem  Juliuszem Kydry\u0144skim, organizowali koncerty, deklamacje i nauk\u0119 j\u0119zyk\u00f3w  obcych. Zacz\u0119li r\u00f3wnie\u017c wystawia\u0107 tajne spektakle &#8211; wkr\u00f3tce te\u017c powsta\u0142  Teatr Rapsodyczny pod dyrekcj\u0105 Mieczys\u0142awa Kotlarczyka. W pa\u017adzierniku  1942 roku wst\u0105pi\u0142 do tajnego Seminarium Archidiecezji Krakowskiej i na  r\u00f3wnie\u017c tajny Wydzia\u0142 Teologii Uniwersytetu Jagiello\u0144skiego. Z powodu  prze\u015bladowa\u0144, jakimi Niemcy n\u0119kali polskich ksi\u0119\u017cy, przez pierwsze dwa  lata studi\u00f3w zmuszony by\u0142 ukrywa\u0107 swoje powo\u0142anie, szczeg\u00f3lnie po  &#8222;czarnej niedzieli&#8221; 6 sierpnia 1944 roku, kiedy Gestapo aresztowa\u0142o  prawie siedem tysi\u0119cy duchownych. Mieszka\u0142 na Tynieckiej 10 i pracowa\u0142  jak poprzednio. Po zako\u0144czeniu wojny seminarium wysz\u0142o z ukrycia. Karol  Wojty\u0142a do roku 1946, jako asystent, prowadzi\u0142 seminaria z historii  dogmatu. 1 listopada 1946 zosta\u0142 wy\u015bwi\u0119cony przez Ksi\u0119cia Metropolit\u0119  kardyna\u0142a Sapieh\u0119 na ksi\u0119dza. Swoj\u0105 pierwsz\u0105 msz\u0119 &#8211; tzw. msz\u0119 prymicyjn\u0105  &#8211; odprawia\u0142 w Krypcie \u015bw. Leonarda w krakowskiej Katedrze na Wawelu.  Jeszcze w tam samym miesi\u0105cu wyjecha\u0142 na dalsze studia do Rzymu  Studiowa\u0142 na Papieskim Uniwersytecie Angelicum i mieszka\u0142 w Kolegium  Belgijskim. Po roku nauki, w czasie wakacji zaj\u0105\u0142 si\u0119 prac\u0105  duszpastersk\u0105 w\u015br\u00f3d polskich robotnik\u00f3w we Francji, Holandii i Belgii.  Na drugim roku studi\u00f3w zacz\u0105\u0142 pisa\u0107 Wojty\u0142a prac\u0119 doktorsk\u0105 pt.  &#8222;Zagadnienia wiary u \u015bwi\u0119tego Jana od Krzy\u017ca&#8221;, obroni\u0142 j\u0105 19.06.1948 r.,  nie uda\u0142o mu si\u0119 jednak formalnie uzyska\u0107 tytu\u0142u doktora \u015awi\u0119tej  Teologii. Warunkiem by\u0142o bowiem opublikowanie pracy drukiem, na co  polskiego ksi\u0119dza nie by\u0142 sta\u0107. W roku 1948 Karol Wojty\u0142a wr\u00f3ci\u0142 do  Polski i zosta\u0142 wikarym w niewielkiej parafii Niegowi\u0107. Uczy\u0142 tam dzieci  religii, odprawia\u0142 poranne msze i pomaga\u0142 proboszczowi Kazimierzowi  Buzale. Wieczorami za\u015b oddawa\u0142 si\u0119 pracy literackiej, kt\u00f3rej nigdy nie  porzuci\u0142. W marcu 1949 roku Wojty\u0142a zosta\u0142 przeniesiony do Krakowa do  parafii \u015bw. Floriana. Tam za\u0142o\u017cy\u0142 ch\u00f3r gregoria\u0144ski, z kt\u00f3rym wkr\u00f3tce  przygotowa\u0142 i od\u015bpiewa\u0142 msz\u0119 &#8222;De Angelis&#8221; (&#8222;O Anio\u0142ach&#8221;). Swoich  ch\u00f3rzyst\u00f3w zarazi\u0142 pasj\u0105 i mi\u0142o\u015bci\u0105 do g\u00f3r &#8211; razem przew\u0119drowali Gorce,  Bieszczady i Beskid. Organizowali tak\u017ce sp\u0142ywy kajakowe na Mazurach. W  Krakowie otrzyma\u0142 te\u017c w ko\u0144cu tytu\u0142 doktora teologii i uzyskawszy urlop  na prac\u0119 naukow\u0105 1951-1953 rozpocz\u0105\u0142 pisanie pracy habilitacyjnej,  kt\u00f3ra, mimo \u017ce w 1953 roku przyj\u0119\u0142a j\u0105 Rada krakowskiego Wydzia\u0142u  Teologicznego, zosta\u0142a odrzucona przez Ministerstwo O\u015bwiaty i tytu\u0142u  docenta Karol Wojty\u0142a nie uzyska\u0142 (uzyska\u0142 go dopiero w 1957 r.). W roku  1956 obj\u0105\u0142 za to katedr\u0119 etyki Katolickiego Uniwersytetu Lubelskiego.  28 wrze\u015bnia 1958 roku w Katedrze na Wawelu zosta\u0142 konsekrowany na  biskupa. Wtedy te\u017c powsta\u0142y jego najg\u0142o\u015bniejsze prace, kt\u00f3re przynios\u0142y  mu s\u0142aw\u0119 w\u015br\u00f3d teolog\u00f3w &#8211; &#8222;Mi\u0142o\u015b\u0107 i odpowiedzialno\u015b\u0107&#8221; (1960) oraz &#8222;Osoba  i czyn&#8221; (1969). W 1962 i 1963 r. uczestniczy\u0142 w pracach I i II sesji  Soboru Watyka\u0144skiego II. W styczniu 1964 zosta\u0142 przez papie\u017ca Paw\u0142a VI  nominowany arcybiskupem metropolit\u0105 krakowskim, a w listopadzie wzi\u0105\u0142  udzia\u0142 w trzeciej sesji Soboru Watyka\u0144skiego. Wtedy te\u017c uczestniczy\u0142 w  prywatnej audiencji u \u00f3wczesnego papie\u017ca, z kt\u00f3rym stosunki zacie\u015bnia\u0142  przez nast\u0119pne lata. 29 wrze\u015bnia 1978 roku, po trzydziestu trzech dniach  sprawowania swojej funkcji, zmar\u0142 nast\u0119pca Paw\u0142a VI, Jan Pawe\u0142 I. 13  pa\u017adziernika na konklawe maj\u0105ce wy\u0142oni\u0107 kolejnego papie\u017ca zebra\u0142o si\u0119 w  Watykanie 111 kardyna\u0142\u00f3w. Po trzydniowych obradach, 16 pa\u017adziernika 1978  roku Karol Wojty\u0142a zosta\u0142 obrany pierwszym od 400 lat papie\u017cem  nie-W\u0142ochem. Wtedy to zapowiedziany przez kardyna\u0142a Pericle Feliciego  s\u0142owami &#8222;Habemus Papam&#8221; Jan Pawe\u0142 II, takie bowiem imi\u0119 przybra\u0142, po raz  pierwszy pojawi\u0142 si\u0119 w oknie Bazyliki \u015bw. Piotra i po raz pierwszy  wyg\u0142osi\u0142 b\u0142ogos\u0142awie\u0144stwo &#8222;Urbi et Orbi&#8221;. 13 maja 1981 roku ci\u0119\u017cko ranny  w zamachu na Placu \u015awi\u0119tego Piotra. Zmar\u0142 2 kwietnia 2005 roku o  godzinie 21:37.<\/p>\n\n\n\n<p class=\"has-medium-font-size\">\n1 maja 2011 nast\u0105pi\u0142a beatyfikacja papie\u017ca Jana Paw\u0142a II, kt\u00f3rej dokona\u0142\n osobi\u015bci w Watykanie na placu \u015bw. Piotra papie\u017c Benedykt XVI. &nbsp;27 \nkwietnia 2014 w Niedziel\u0119 Mi\u0142osierdzia Bo\u017cego papie\u017c Franciszek przy \nkoncelebrze emerytowanego papie\u017ca Benedykta XVI odprawi\u0142 na placu \u015aw. \nPiotra msz\u0119 \u015bwi\u0119t\u0105 kanonizacyjn\u0105 papie\u017cy: Jana XXIII i Jana Paw\u0142a II. \nWa\u017cniejszymi przes\u0142aniami pontyfikatu Jana Paw\u0142a II s\u0105: respektowanie \npraw cz\u0142owieka i prawa do pracy, walka o pok\u00f3j, sprzeciw wobec \ntotalitaryzm\u00f3w, nowa ewangelizacja i odnowienie na skal\u0119 \u015bwiatow\u0105, \nduszpasterstwa m\u0142odzie\u017cy.\n\n<\/p>\n","protected":false},"excerpt":{"rendered":"<p>Jan Pawe\u0142 II, w\u0142a\u015bciwie Karol J\u00f3zef Wojty\u0142a (ur. 18 maja 1920 w Wadowicach, zm. 2 kwietnia 2005 w Watykanie). Jego ojciec, by\u0142y wojskowy, by\u0142 urz\u0119dnikiem Rejonowej Komendy Uzupe\u0142nie\u0144, matka za\u015b zajmowa\u0142a si\u0119 dzie\u0107mi (Karol mia\u0142 bowiem starszego o 14 lat brata Edmunda). Kiedy umar\u0142a 13 kwietnia 1929 roku na serce, obaj ch\u0142opcy i ich ojciec&hellip;&nbsp;<a href=\"https:\/\/zsezlotow.edu.pl\/index.php\/patron-szkoly-jan-pawel-ii\/\" rel=\"bookmark\">Dowiedz si\u0119 wi\u0119cej &raquo;<span class=\"screen-reader-text\">Patron szko\u0142y Jan Pawe\u0142 II<\/span><\/a><\/p>\n","protected":false},"author":1,"featured_media":0,"parent":0,"menu_order":0,"comment_status":"closed","ping_status":"closed","template":"","meta":{"neve_meta_sidebar":"","neve_meta_container":"","neve_meta_enable_content_width":"","neve_meta_content_width":0,"neve_meta_title_alignment":"","neve_meta_author_avatar":"","neve_post_elements_order":"","neve_meta_disable_header":"","neve_meta_disable_footer":"","neve_meta_disable_title":"","ngg_post_thumbnail":0,"footnotes":""},"class_list":["post-52","page","type-page","status-publish","hentry"],"_links":{"self":[{"href":"https:\/\/zsezlotow.edu.pl\/index.php\/wp-json\/wp\/v2\/pages\/52","targetHints":{"allow":["GET"]}}],"collection":[{"href":"https:\/\/zsezlotow.edu.pl\/index.php\/wp-json\/wp\/v2\/pages"}],"about":[{"href":"https:\/\/zsezlotow.edu.pl\/index.php\/wp-json\/wp\/v2\/types\/page"}],"author":[{"embeddable":true,"href":"https:\/\/zsezlotow.edu.pl\/index.php\/wp-json\/wp\/v2\/users\/1"}],"replies":[{"embeddable":true,"href":"https:\/\/zsezlotow.edu.pl\/index.php\/wp-json\/wp\/v2\/comments?post=52"}],"version-history":[{"count":2,"href":"https:\/\/zsezlotow.edu.pl\/index.php\/wp-json\/wp\/v2\/pages\/52\/revisions"}],"predecessor-version":[{"id":6523,"href":"https:\/\/zsezlotow.edu.pl\/index.php\/wp-json\/wp\/v2\/pages\/52\/revisions\/6523"}],"wp:attachment":[{"href":"https:\/\/zsezlotow.edu.pl\/index.php\/wp-json\/wp\/v2\/media?parent=52"}],"curies":[{"name":"wp","href":"https:\/\/api.w.org\/{rel}","templated":true}]}}