{"id":4058,"date":"2021-11-21T18:16:41","date_gmt":"2021-11-21T17:16:41","guid":{"rendered":"https:\/\/zsezlotow.edu.pl\/?page_id=4058"},"modified":"2022-07-10T17:25:32","modified_gmt":"2022-07-10T15:25:32","slug":"postaw-na-doswiadczenie-zawodowe","status":"publish","type":"page","link":"https:\/\/zsezlotow.edu.pl\/index.php\/postaw-na-doswiadczenie-zawodowe\/","title":{"rendered":"Postaw na Do\u015bwiadczenie Zawodowe"},"content":{"rendered":"\n<p class=\"has-medium-font-size\">Projekt \u201e Postaw na Do\u015bwiadczenie Zawodowe\u201d dofinansowany z projektu Mi\u0119dzynarodowa Mobilno\u015b\u0107 Edukacyjna Uczni\u00f3w i Absolwent\u00f3w oraz&nbsp; kadry kszta\u0142cenia zawodowego finansowanego z <strong>Programu Operacyjnego Wiedza Edukacja Rozw\u00f3j (POWER)<\/strong> b\u0119dzie realizowany w szkole w latach 2019- 2021. G\u0142\u00f3wnym celem projektu jest umo\u017cliwienie uczniom unikalnego do\u015bwiadczenia zawodowego, doskonalenie i zdobycie nowych kompetencji twardych i mi\u0119kkich, rozw\u00f3j kompetencji kluczowych, wyr\u00f3wnanie szans edukacyjnych (wsparcie uczni\u00f3w w niekorzystnej sytuacji i wyr\u00f3wnanie ich szansy na sukces zawodowy). <strong>Dofinansowanie projektu z Unii Europejskiej to a\u017c<\/strong> <strong>560 678,69PLN<\/strong><\/p>\n\n\n\n<p class=\"has-medium-font-size\">Wa\u017cnym celem jest r\u00f3wnie\u017c uatrakcyjnienie oferty edukacyjnej szko\u0142y, wzrost \u015bwiadomo\u015bci i r\u00f3\u017cnorodno\u015bci kulturowej uczni\u00f3w oraz podniesienie europejskiego wymiaru plac\u00f3wki.<\/p>\n\n\n\n<p class=\"has-medium-font-size\">Warto zosta\u0107 uczestnikiem takiego projektu, gdy\u017c jego istotnym celem jest umo\u017cliwienie zdobycia wyr\u00f3\u017cnika i wzmocnienia konkurencyjno\u015bci na rynku pracy poprzez unikalne do\u015bwiadczenie zawodowe w realnych warunkach pracy w zagranicznych firmach. Specyfika r\u00f3\u017cnorodnego kulturowo \u015brodowiska pracy pozwoli na pog\u0142\u0119bienie i zdobycie nowych umiej\u0119tno\u015bci w zakresie kompetencji twardych (takich jak np. wiedza i umiej\u0119tno\u015bci w zakresie znajomo\u015bci j\u0119zyka angielskiego i w\u0142oskiego, znajomo\u015bci obs\u0142ugi komputera) i kompetencji mi\u0119kkich (np.: umiej\u0119tno\u015bci psychospo\u0142ecznych, takich jak efektywna komunikacja, praca w zespole, a tak\u017ce komunikatywno\u015b\u0107, kreatywno\u015b\u0107, dynamizm dzia\u0142ania) maj\u0105cych obecnie coraz wi\u0119ksze znaczenie w\u015br\u00f3d pracodawc\u00f3w. Kompetencje te wzbogac\u0105 warsztat pracy uczni\u00f3w, a podpisane z partnerami projektu porozumienia zapewni\u0105 wysok\u0105 jako\u015b\u0107 programu. Projekt umo\u017cliwi uczestnikom wykorzystanie poznanej w szkole wiedzy w \u015brodowisku pracy, zach\u0119ci do podejmowania dzia\u0142a\u0144 przedsi\u0119biorczych, podniesie poczucie w\u0142asnej warto\u015bci, wp\u0142ynie na rozw\u00f3j kompetencji kluczowych, takich jak: porozumiewanie w j\u0119zykach obcych, kompetencje informatyczne, umiej\u0119tno\u015b\u0107 uczenia si\u0119, kompetencje spo\u0142eczne i obywatelskie, inicjatywno\u015b\u0107 i przedsi\u0119biorczo\u015b\u0107 oraz \u015bwiadomo\u015b\u0107 i ekspresja kulturalna;&nbsp; wp\u0142ynie r\u00f3wnie\u017c na doskonalenie komunikacji w j\u0119zykach obcych (j\u0119z. angielski, w\u0142oski, portugalski), kszta\u0142towanie \u015bcie\u017cki kariery zawodowej.<\/p>\n\n\n\n<p class=\"has-medium-font-size\">Udzia\u0142 w projekcie umo\u017cliwi uczestnikom (co obecnie jest bardzo istotne) wkroczenie na rynek pracy z szerszym wachlarzem do\u015bwiadczenia zawodowego i kluczowych umiej\u0119tno\u015bci, mog\u0105cych zaowocowa\u0107 podj\u0119ciem w\u0142asnej dzia\u0142alno\u015bci i gotowo\u015bci\u0105 na przysz\u0142\u0105 mobilno\u015b\u0107 w zatrudnieniu. Poznanie zasad funkcjonowania zagranicznych firm pozwoli uczestnikom na zaznajomienie si\u0119 z&nbsp; zasadami dzia\u0142ania na rynku europejskim. Umiej\u0119tno\u015bci uczni\u00f3w zostan\u0105 ocenione za pomoc\u0105 systemu ECVET (czyli Europejskiego Systemu Akumulowania i Przenoszenia Osi\u0105gni\u0119\u0107 w Kszta\u0142ceniu i Szkoleniu Zawodowym) i po\u015bwiadczone dokumentem Europass Mobilno\u015b\u0107 i certyfikatami.&nbsp;<\/p>\n\n\n\n<p class=\"has-medium-font-size\">Projekt skierowany jest do <strong>50 uczni\u00f3w technikum naszej szko\u0142y w zawodach: technik ekonomista, technik informatyk, technik handlowiec, technik organizacji reklamy<\/strong>. Mobilno\u015bci na zagraniczne praktyki zawodowe zaplanowane zosta\u0142y w trzech grupach:<\/p>\n\n\n\n<p class=\"has-medium-font-size\">1) I grupa- praktyki w Hiszpanii ( Malaga),<\/p>\n\n\n\n<p class=\"has-medium-font-size\">2) II grupa- praktyki na Sycylii (Barcellona Pozzo Di Gotto),<\/p>\n\n\n\n<p class=\"has-medium-font-size\">3) III&nbsp; grupa- praktyki w Portugalii (Lizbona).<\/p>\n\n\n\n<p class=\"has-medium-font-size\">Uczniowie ju\u017c od kilku miesi\u0119cy przygotowuj\u0105 si\u0119 do wyjazd\u00f3w bior\u0105c udzia\u0142 w zaj\u0119ciach j\u0119zykowych (j. angielski, j. w\u0142oski), przygotowania dokument\u00f3w aplikacyjnych w j\u0119zyku angielskim i w zaj\u0119ciach pedagogiczno-kulturowych, zar\u00f3wno w systemie stacjonarnym, jak i zdalnym.&nbsp;<\/p>\n\n\n\n<p class=\"has-medium-font-size\">Ze wzgl\u0119du na pandemi\u0119 COVID -19 wiele dzia\u0142a\u0144 projektowych zosta\u0142o przesuni\u0119tych w czasie, modyfikacji uleg\u0142y i grupy wyjazdowe i terminy praktyk, jednak&nbsp; mamy nadziej\u0119, \u017ce wszystkie cele projektu zostan\u0105 osi\u0105gni\u0119te , a uczniowie b\u0119d\u0105 wspomina\u0107 udzia\u0142 w projekcie jako \u201eprzygod\u0119 \u017cycia\u201d.<\/p>\n\n\n\n<p class=\"has-medium-font-size\">Grupy wyjazdowe:<\/p>\n\n\n\n<p class=\"has-text-align-center has-medium-font-size\"><strong>Hiszpania &#8211; klasy 3AG, 4B, 4C<\/strong><\/p>\n\n\n\n<figure class=\"wp-block-gallery has-nested-images columns-default is-cropped wp-block-gallery-1 is-layout-flex wp-block-gallery-is-layout-flex\">\n<figure class=\"wp-block-image size-large\"><img fetchpriority=\"high\" decoding=\"async\" width=\"1024\" height=\"766\" data-id=\"4061\" src=\"https:\/\/zsezlotow.edu.pl\/wp-content\/uploads\/2021\/11\/IMG_20210607_111514-1024x766.jpg\" alt=\"\" class=\"wp-image-4061\" srcset=\"https:\/\/zsezlotow.edu.pl\/wp-content\/uploads\/2021\/11\/IMG_20210607_111514-1024x766.jpg 1024w, https:\/\/zsezlotow.edu.pl\/wp-content\/uploads\/2021\/11\/IMG_20210607_111514-300x224.jpg 300w, https:\/\/zsezlotow.edu.pl\/wp-content\/uploads\/2021\/11\/IMG_20210607_111514-768x575.jpg 768w, https:\/\/zsezlotow.edu.pl\/wp-content\/uploads\/2021\/11\/IMG_20210607_111514.jpg 1080w\" sizes=\"(max-width: 1024px) 100vw, 1024px\" \/><\/figure>\n\n\n\n<figure class=\"wp-block-image size-large\"><img decoding=\"async\" width=\"1024\" height=\"766\" data-id=\"4062\" src=\"https:\/\/zsezlotow.edu.pl\/wp-content\/uploads\/2021\/11\/IMG_20210607_112319-1024x766.jpg\" alt=\"\" class=\"wp-image-4062\" srcset=\"https:\/\/zsezlotow.edu.pl\/wp-content\/uploads\/2021\/11\/IMG_20210607_112319-1024x766.jpg 1024w, https:\/\/zsezlotow.edu.pl\/wp-content\/uploads\/2021\/11\/IMG_20210607_112319-300x224.jpg 300w, https:\/\/zsezlotow.edu.pl\/wp-content\/uploads\/2021\/11\/IMG_20210607_112319-768x575.jpg 768w, https:\/\/zsezlotow.edu.pl\/wp-content\/uploads\/2021\/11\/IMG_20210607_112319.jpg 1080w\" sizes=\"(max-width: 1024px) 100vw, 1024px\" \/><\/figure>\n<\/figure>\n\n\n\n<p class=\"has-text-align-center has-medium-font-size\"><strong>Sycylia &#8211; klasa 4A<\/strong><\/p>\n\n\n\n<figure class=\"wp-block-gallery has-nested-images columns-default is-cropped wp-block-gallery-2 is-layout-flex wp-block-gallery-is-layout-flex\">\n<figure class=\"wp-block-image size-large\"><img decoding=\"async\" width=\"1024\" height=\"766\" data-id=\"4059\" src=\"https:\/\/zsezlotow.edu.pl\/wp-content\/uploads\/2021\/11\/IMG_20210607_110414-1024x766.jpg\" alt=\"\" class=\"wp-image-4059\" srcset=\"https:\/\/zsezlotow.edu.pl\/wp-content\/uploads\/2021\/11\/IMG_20210607_110414-1024x766.jpg 1024w, https:\/\/zsezlotow.edu.pl\/wp-content\/uploads\/2021\/11\/IMG_20210607_110414-300x224.jpg 300w, https:\/\/zsezlotow.edu.pl\/wp-content\/uploads\/2021\/11\/IMG_20210607_110414-768x575.jpg 768w, https:\/\/zsezlotow.edu.pl\/wp-content\/uploads\/2021\/11\/IMG_20210607_110414.jpg 1080w\" sizes=\"(max-width: 1024px) 100vw, 1024px\" \/><\/figure>\n\n\n\n<figure class=\"wp-block-image size-large\"><img loading=\"lazy\" decoding=\"async\" width=\"1024\" height=\"766\" data-id=\"4060\" src=\"https:\/\/zsezlotow.edu.pl\/wp-content\/uploads\/2021\/11\/IMG_20210607_110619-1024x766.jpg\" alt=\"\" class=\"wp-image-4060\" srcset=\"https:\/\/zsezlotow.edu.pl\/wp-content\/uploads\/2021\/11\/IMG_20210607_110619-1024x766.jpg 1024w, https:\/\/zsezlotow.edu.pl\/wp-content\/uploads\/2021\/11\/IMG_20210607_110619-300x224.jpg 300w, https:\/\/zsezlotow.edu.pl\/wp-content\/uploads\/2021\/11\/IMG_20210607_110619-768x575.jpg 768w, https:\/\/zsezlotow.edu.pl\/wp-content\/uploads\/2021\/11\/IMG_20210607_110619.jpg 1080w\" sizes=\"(max-width: 1024px) 100vw, 1024px\" \/><\/figure>\n<\/figure>\n\n\n\n<p class=\"has-text-align-center has-medium-font-size\"><strong>Portugalia &#8211; klasy 3CG, 4B, 4C<\/strong><\/p>\n\n\n\n<figure class=\"wp-block-gallery has-nested-images columns-default is-cropped wp-block-gallery-3 is-layout-flex wp-block-gallery-is-layout-flex\">\n<figure class=\"wp-block-image size-large\"><img loading=\"lazy\" decoding=\"async\" width=\"1024\" height=\"766\" data-id=\"4063\" src=\"https:\/\/zsezlotow.edu.pl\/wp-content\/uploads\/2021\/11\/IMG_20210607_111353-1024x766.jpg\" alt=\"\" class=\"wp-image-4063\" srcset=\"https:\/\/zsezlotow.edu.pl\/wp-content\/uploads\/2021\/11\/IMG_20210607_111353-1024x766.jpg 1024w, https:\/\/zsezlotow.edu.pl\/wp-content\/uploads\/2021\/11\/IMG_20210607_111353-300x224.jpg 300w, https:\/\/zsezlotow.edu.pl\/wp-content\/uploads\/2021\/11\/IMG_20210607_111353-768x575.jpg 768w, https:\/\/zsezlotow.edu.pl\/wp-content\/uploads\/2021\/11\/IMG_20210607_111353.jpg 1080w\" sizes=\"(max-width: 1024px) 100vw, 1024px\" \/><\/figure>\n\n\n\n<figure class=\"wp-block-image size-large\"><img loading=\"lazy\" decoding=\"async\" width=\"1024\" height=\"766\" data-id=\"4064\" src=\"https:\/\/zsezlotow.edu.pl\/wp-content\/uploads\/2021\/11\/IMG_20210607_111602-1024x766.jpg\" alt=\"\" class=\"wp-image-4064\" srcset=\"https:\/\/zsezlotow.edu.pl\/wp-content\/uploads\/2021\/11\/IMG_20210607_111602-1024x766.jpg 1024w, https:\/\/zsezlotow.edu.pl\/wp-content\/uploads\/2021\/11\/IMG_20210607_111602-300x224.jpg 300w, https:\/\/zsezlotow.edu.pl\/wp-content\/uploads\/2021\/11\/IMG_20210607_111602-768x575.jpg 768w, https:\/\/zsezlotow.edu.pl\/wp-content\/uploads\/2021\/11\/IMG_20210607_111602.jpg 1080w\" sizes=\"(max-width: 1024px) 100vw, 1024px\" \/><\/figure>\n<\/figure>\n\n\n\n<p class=\"has-text-align-center has-medium-font-size\"><strong>PDZ zdj\u0119cia zaj\u0119cia przygotowawcze 2020-2021<\/strong><\/p>\n\n\n\n<figure class=\"wp-block-gallery has-nested-images columns-default is-cropped wp-block-gallery-4 is-layout-flex wp-block-gallery-is-layout-flex\">\n<figure class=\"wp-block-image size-large\"><img loading=\"lazy\" decoding=\"async\" width=\"802\" height=\"448\" data-id=\"4066\" src=\"https:\/\/zsezlotow.edu.pl\/wp-content\/uploads\/2021\/11\/Dokumenty-aplikacyjne-Hizpania.png\" alt=\"\" class=\"wp-image-4066\" srcset=\"https:\/\/zsezlotow.edu.pl\/wp-content\/uploads\/2021\/11\/Dokumenty-aplikacyjne-Hizpania.png 802w, https:\/\/zsezlotow.edu.pl\/wp-content\/uploads\/2021\/11\/Dokumenty-aplikacyjne-Hizpania-300x168.png 300w, https:\/\/zsezlotow.edu.pl\/wp-content\/uploads\/2021\/11\/Dokumenty-aplikacyjne-Hizpania-768x429.png 768w\" sizes=\"(max-width: 802px) 100vw, 802px\" \/><\/figure>\n\n\n\n<figure class=\"wp-block-image size-large\"><img loading=\"lazy\" decoding=\"async\" width=\"1024\" height=\"599\" data-id=\"4067\" src=\"https:\/\/zsezlotow.edu.pl\/wp-content\/uploads\/2021\/11\/Nauka-jez.wloskiego-1024x599.png\" alt=\"\" class=\"wp-image-4067\" srcset=\"https:\/\/zsezlotow.edu.pl\/wp-content\/uploads\/2021\/11\/Nauka-jez.wloskiego-1024x599.png 1024w, https:\/\/zsezlotow.edu.pl\/wp-content\/uploads\/2021\/11\/Nauka-jez.wloskiego-300x176.png 300w, https:\/\/zsezlotow.edu.pl\/wp-content\/uploads\/2021\/11\/Nauka-jez.wloskiego-768x449.png 768w, https:\/\/zsezlotow.edu.pl\/wp-content\/uploads\/2021\/11\/Nauka-jez.wloskiego.png 1080w\" sizes=\"(max-width: 1024px) 100vw, 1024px\" \/><\/figure>\n\n\n\n<figure class=\"wp-block-image size-large\"><img loading=\"lazy\" decoding=\"async\" width=\"1024\" height=\"507\" data-id=\"4068\" src=\"https:\/\/zsezlotow.edu.pl\/wp-content\/uploads\/2021\/11\/Zajecia-kulturowe-Portugalia-1024x507.png\" alt=\"\" class=\"wp-image-4068\" srcset=\"https:\/\/zsezlotow.edu.pl\/wp-content\/uploads\/2021\/11\/Zajecia-kulturowe-Portugalia-1024x507.png 1024w, https:\/\/zsezlotow.edu.pl\/wp-content\/uploads\/2021\/11\/Zajecia-kulturowe-Portugalia-300x149.png 300w, https:\/\/zsezlotow.edu.pl\/wp-content\/uploads\/2021\/11\/Zajecia-kulturowe-Portugalia-768x380.png 768w, https:\/\/zsezlotow.edu.pl\/wp-content\/uploads\/2021\/11\/Zajecia-kulturowe-Portugalia.png 1080w\" sizes=\"(max-width: 1024px) 100vw, 1024px\" \/><\/figure>\n<\/figure>\n\n\n\n<p class=\"has-text-align-center has-medium-font-size\"><strong>Zdj\u0119cia PDZ Rozdanie certyfikat\u00f3w po zaj\u0119ciach przygotowawczych gr. 3<\/strong><\/p>\n\n\n\n<figure class=\"wp-block-gallery has-nested-images columns-default is-cropped wp-block-gallery-5 is-layout-flex wp-block-gallery-is-layout-flex\">\n<figure class=\"wp-block-image size-large\"><img loading=\"lazy\" decoding=\"async\" width=\"1024\" height=\"766\" data-id=\"4069\" src=\"https:\/\/zsezlotow.edu.pl\/wp-content\/uploads\/2021\/11\/IMG_20210607_111645-1024x766.jpg\" alt=\"\" class=\"wp-image-4069\" srcset=\"https:\/\/zsezlotow.edu.pl\/wp-content\/uploads\/2021\/11\/IMG_20210607_111645-1024x766.jpg 1024w, https:\/\/zsezlotow.edu.pl\/wp-content\/uploads\/2021\/11\/IMG_20210607_111645-300x224.jpg 300w, https:\/\/zsezlotow.edu.pl\/wp-content\/uploads\/2021\/11\/IMG_20210607_111645-768x575.jpg 768w, https:\/\/zsezlotow.edu.pl\/wp-content\/uploads\/2021\/11\/IMG_20210607_111645.jpg 1080w\" sizes=\"(max-width: 1024px) 100vw, 1024px\" \/><\/figure>\n\n\n\n<figure class=\"wp-block-image size-large\"><img loading=\"lazy\" decoding=\"async\" width=\"1024\" height=\"766\" data-id=\"4070\" src=\"https:\/\/zsezlotow.edu.pl\/wp-content\/uploads\/2021\/11\/IMG_20210607_111647-1024x766.jpg\" alt=\"\" class=\"wp-image-4070\" srcset=\"https:\/\/zsezlotow.edu.pl\/wp-content\/uploads\/2021\/11\/IMG_20210607_111647-1024x766.jpg 1024w, https:\/\/zsezlotow.edu.pl\/wp-content\/uploads\/2021\/11\/IMG_20210607_111647-300x224.jpg 300w, https:\/\/zsezlotow.edu.pl\/wp-content\/uploads\/2021\/11\/IMG_20210607_111647-768x575.jpg 768w, https:\/\/zsezlotow.edu.pl\/wp-content\/uploads\/2021\/11\/IMG_20210607_111647.jpg 1080w\" sizes=\"(max-width: 1024px) 100vw, 1024px\" \/><\/figure>\n\n\n\n<figure class=\"wp-block-image size-large\"><img loading=\"lazy\" decoding=\"async\" width=\"1024\" height=\"766\" data-id=\"4071\" src=\"https:\/\/zsezlotow.edu.pl\/wp-content\/uploads\/2021\/11\/IMG_20210607_111901-1024x766.jpg\" alt=\"\" class=\"wp-image-4071\" srcset=\"https:\/\/zsezlotow.edu.pl\/wp-content\/uploads\/2021\/11\/IMG_20210607_111901-1024x766.jpg 1024w, https:\/\/zsezlotow.edu.pl\/wp-content\/uploads\/2021\/11\/IMG_20210607_111901-300x224.jpg 300w, https:\/\/zsezlotow.edu.pl\/wp-content\/uploads\/2021\/11\/IMG_20210607_111901-768x575.jpg 768w, https:\/\/zsezlotow.edu.pl\/wp-content\/uploads\/2021\/11\/IMG_20210607_111901.jpg 1080w\" sizes=\"(max-width: 1024px) 100vw, 1024px\" \/><\/figure>\n<\/figure>\n\n\n\n<p class=\"has-medium-font-size\"><a href=\"https:\/\/zsezlotow.edu.pl\/wp-content\/uploads\/2022\/07\/Wykaz-miejsc-stazu-zawodowego.pdf\">WYKAZ MIEJSC PRAKTYK<\/a><\/p>\n\n\n\n<p class=\"has-medium-font-size\"><strong>Rezultaty pracy uczni\u00f3w w zawodzie technik organizacji reklamy &#8211; przyk\u0142ady<\/strong><\/p>\n\n\n\n<div class=\"wp-block-group\"><div class=\"wp-block-group__inner-container is-layout-flow wp-block-group-is-layout-flow\"><a href=\"https:\/\/zsezlotow.edu.pl\/wp-content\/uploads\/2022\/07\/1st-Dec-quote.-Julia.pdf\" class=\"pdfemb-viewer\" style=\"\" data-width=\"max\" data-height=\"max\" data-toolbar=\"both\" data-toolbar-fixed=\"off\">1st-Dec-quote.-Julia<\/a>\n<p class=\"wp-block-pdfemb-pdf-embedder-viewer\"><\/p>\n<\/div><\/div>\n\n\n<a href=\"https:\/\/zsezlotow.edu.pl\/wp-content\/uploads\/2022\/07\/24th-Dec-Julia.pdf\" class=\"pdfemb-viewer\" style=\"\" data-width=\"max\" data-height=\"max\" data-toolbar=\"both\" data-toolbar-fixed=\"off\">24th-Dec-Julia<\/a>\n<p class=\"wp-block-pdfemb-pdf-embedder-viewer\"><\/p>\n\n\n<a href=\"https:\/\/zsezlotow.edu.pl\/wp-content\/uploads\/2022\/07\/Ticket-circus-NO.01.-Marcelina.pdf\" class=\"pdfemb-viewer\" style=\"\" data-width=\"max\" data-height=\"max\" data-toolbar=\"both\" data-toolbar-fixed=\"off\">Ticket-circus-NO.01.-Marcelina<\/a>\n<p class=\"wp-block-pdfemb-pdf-embedder-viewer\"><\/p>\n\n\n<a href=\"https:\/\/zsezlotow.edu.pl\/wp-content\/uploads\/2022\/07\/Ticket-circus-back.Marcelina.pdf\" class=\"pdfemb-viewer\" style=\"\" data-width=\"max\" data-height=\"max\" data-toolbar=\"both\" data-toolbar-fixed=\"off\">Ticket-circus-back.Marcelina<\/a>\n<p class=\"wp-block-pdfemb-pdf-embedder-viewer\"><\/p>\n\n\n\n<p class=\"has-medium-font-size\"><strong>LINKI DO PUBLIKACJI ELEKTRONICZNYCH O PROJEKCIE<\/strong><\/p>\n\n\n\n<ol class=\"wp-block-list\" type=\"1\"><li><a href=\"https:\/\/zlotowskie.pl\/artykul\/z-nadzieja-patrza-w\/1125271\">https:\/\/zlotowskie.pl\/artykul\/z-nadzieja-patrza-w\/1125271<\/a><\/li><li><a href=\"https:\/\/zlotowskie.pl\/artykul\/ekonom-na-krancu-europy\/1240644\">https:\/\/zlotowskie.pl\/artykul\/ekonom-na-krancu-europy\/1240644<\/a><\/li><li><a href=\"https:\/\/zlotow.naszemiasto.pl\/zlotow-ekonom-otrzymal-karte-jakosci-mobilnosci-erasmus\/ar\/c5-7568403\">https:\/\/zlotow.naszemiasto.pl\/zlotow-ekonom-otrzymal-karte-jakosci-mobilnosci-erasmus\/ar\/c5-7568403<\/a><\/li><li><a href=\"https:\/\/www.pzl24.pl\/wiadomosci\/8486,mamy-karte-jakosci-mobilnosci-erasmus\">https:\/\/www.pzl24.pl\/wiadomosci\/8486,mamy-karte-jakosci-mobilnosci-erasmus<\/a><\/li><li><a href=\"https:\/\/zlotow.naszemiasto.pl\/trudna-proba-dla-projektow-mobilnosci-zse-w-zlotowie\/ar\/c1-8081517\">https:\/\/zlotow.naszemiasto.pl\/trudna-proba-dla-projektow-mobilnosci-zse-w-zlotowie\/ar\/c1-8081517<\/a><\/li><li><a href=\"https:\/\/www.pzl24.pl\/wiadomosci\/10374,nowoczesna-edukacja\">https:\/\/www.pzl24.pl\/wiadomosci\/10374,nowoczesna-edukacja<\/a><\/li><li><a href=\"https:\/\/zlotowskie.pl\/artykul\/byli-zobaczyli-zdobyli\/1282932\">https:\/\/zlotowskie.pl\/artykul\/byli-zobaczyli-zdobyli\/1282932<\/a><\/li><li><a href=\"https:\/\/zsezlotow.edu.pl\/index.php\/postaw-na-doswiadczenie-zawodowe\/\">https:\/\/zsezlotow.edu.pl\/index.php\/postaw-na-doswiadczenie-zawodowe\/<\/a><\/li><li><a href=\"https:\/\/www.facebook.com\/713873932004784\/posts\/5047210775337723\/?d=n\">https:\/\/www.facebook.com\/713873932004784\/posts\/5047210775337723\/?d=n<\/a><\/li><li><a href=\"https:\/\/www.facebook.com\/713873932004784\/posts\/4856912631034206\/?d=n\">https:\/\/www.facebook.com\/713873932004784\/posts\/4856912631034206\/?d=n<\/a><\/li><li><a href=\"https:\/\/www.facebook.com\/713873932004784\/posts\/4705098402882297\/?d=n\">https:\/\/www.facebook.com\/713873932004784\/posts\/4705098402882297\/?d=n<\/a><\/li><li><a href=\"https:\/\/www.facebook.com\/713873932004784\/posts\/4653783984680406\/?d=n\">https:\/\/www.facebook.com\/713873932004784\/posts\/4653783984680406\/?d=n<\/a><\/li><li><a href=\"https:\/\/www.facebook.com\/713873932004784\/posts\/4641805195878285\/?d=n\">https:\/\/www.facebook.com\/713873932004784\/posts\/4641805195878285\/?d=n<\/a><\/li><li><a href=\"https:\/\/www.facebook.com\/713873932004784\/posts\/4607643602627778\/?d=n\">https:\/\/www.facebook.com\/713873932004784\/posts\/4607643602627778\/?d=n<\/a><\/li><li><a href=\"https:\/\/www.facebook.com\/713873932004784\/posts\/4585874411471364\/?d=n\">https:\/\/www.facebook.com\/713873932004784\/posts\/4585874411471364\/?d=n<\/a><\/li><li><a href=\"https:\/\/www.facebook.com\/713873932004784\/posts\/4585823071476498\/?d=n\">https:\/\/www.facebook.com\/713873932004784\/posts\/4585823071476498\/?d=n<\/a><\/li><li><a href=\"https:\/\/www.facebook.com\/713873932004784\/posts\/4580948405297298\/?d=n\">https:\/\/www.facebook.com\/713873932004784\/posts\/4580948405297298\/?d=n<\/a><\/li><li><a href=\"https:\/\/www.facebook.com\/713873932004784\/posts\/4568074166584722\/?d=n\">https:\/\/www.facebook.com\/713873932004784\/posts\/4568074166584722\/?d=n<\/a><\/li><li><a href=\"https:\/\/www.facebook.com\/713873932004784\/posts\/4564419966950142\/?d=n\">https:\/\/www.facebook.com\/713873932004784\/posts\/4564419966950142\/?d=n<\/a><\/li><li><a href=\"https:\/\/www.facebook.com\/713873932004784\/posts\/4564006093658196\/?d=n\">https:\/\/www.facebook.com\/713873932004784\/posts\/4564006093658196\/?d=n<\/a><\/li><li><a href=\"https:\/\/www.facebook.com\/713873932004784\/posts\/4560995707292568\/?d=n\">https:\/\/www.facebook.com\/713873932004784\/posts\/4560995707292568\/?d=n<\/a><\/li><li><a href=\"https:\/\/www.facebook.com\/713873932004784\/posts\/4554037504655055\/?d=n\">https:\/\/www.facebook.com\/713873932004784\/posts\/4554037504655055\/?d=n<\/a><\/li><li><a href=\"https:\/\/www.facebook.com\/zsezlotow\/photos\/pcb.5047210775337723\/5047210052004462\/\">https:\/\/www.facebook.com\/zsezlotow\/photos\/pcb.5047210775337723\/5047210052004462\/<\/a><\/li><\/ol>\n","protected":false},"excerpt":{"rendered":"<p>Projekt \u201e Postaw na Do\u015bwiadczenie Zawodowe\u201d dofinansowany z projektu Mi\u0119dzynarodowa Mobilno\u015b\u0107 Edukacyjna Uczni\u00f3w i Absolwent\u00f3w oraz&nbsp; kadry kszta\u0142cenia zawodowego finansowanego z Programu Operacyjnego Wiedza Edukacja Rozw\u00f3j (POWER) b\u0119dzie realizowany w szkole w latach 2019- 2021. G\u0142\u00f3wnym celem projektu jest umo\u017cliwienie uczniom unikalnego do\u015bwiadczenia zawodowego, doskonalenie i zdobycie nowych kompetencji twardych i mi\u0119kkich, rozw\u00f3j kompetencji kluczowych,&hellip;&nbsp;<a href=\"https:\/\/zsezlotow.edu.pl\/index.php\/postaw-na-doswiadczenie-zawodowe\/\" rel=\"bookmark\">Dowiedz si\u0119 wi\u0119cej &raquo;<span class=\"screen-reader-text\">Postaw na Do\u015bwiadczenie Zawodowe<\/span><\/a><\/p>\n","protected":false},"author":1,"featured_media":0,"parent":0,"menu_order":0,"comment_status":"closed","ping_status":"closed","template":"","meta":{"neve_meta_sidebar":"full-width","neve_meta_container":"","neve_meta_enable_content_width":"on","neve_meta_content_width":100,"neve_meta_title_alignment":"","neve_meta_author_avatar":"","neve_post_elements_order":"","neve_meta_disable_header":"","neve_meta_disable_footer":"","neve_meta_disable_title":"","ngg_post_thumbnail":0,"footnotes":""},"class_list":["post-4058","page","type-page","status-publish","hentry"],"_links":{"self":[{"href":"https:\/\/zsezlotow.edu.pl\/index.php\/wp-json\/wp\/v2\/pages\/4058","targetHints":{"allow":["GET"]}}],"collection":[{"href":"https:\/\/zsezlotow.edu.pl\/index.php\/wp-json\/wp\/v2\/pages"}],"about":[{"href":"https:\/\/zsezlotow.edu.pl\/index.php\/wp-json\/wp\/v2\/types\/page"}],"author":[{"embeddable":true,"href":"https:\/\/zsezlotow.edu.pl\/index.php\/wp-json\/wp\/v2\/users\/1"}],"replies":[{"embeddable":true,"href":"https:\/\/zsezlotow.edu.pl\/index.php\/wp-json\/wp\/v2\/comments?post=4058"}],"version-history":[{"count":8,"href":"https:\/\/zsezlotow.edu.pl\/index.php\/wp-json\/wp\/v2\/pages\/4058\/revisions"}],"predecessor-version":[{"id":4460,"href":"https:\/\/zsezlotow.edu.pl\/index.php\/wp-json\/wp\/v2\/pages\/4058\/revisions\/4460"}],"wp:attachment":[{"href":"https:\/\/zsezlotow.edu.pl\/index.php\/wp-json\/wp\/v2\/media?parent=4058"}],"curies":[{"name":"wp","href":"https:\/\/api.w.org\/{rel}","templated":true}]}}