{"id":368,"date":"2019-05-29T11:54:37","date_gmt":"2019-05-29T09:54:37","guid":{"rendered":"http:\/\/zsezlotow.edu.pl\/?page_id=368"},"modified":"2019-05-29T12:25:10","modified_gmt":"2019-05-29T10:25:10","slug":"nowoczesny-nauczyciel","status":"publish","type":"page","link":"https:\/\/zsezlotow.edu.pl\/index.php\/nowoczesny-nauczyciel\/","title":{"rendered":"Nowoczesny Nauczyciel"},"content":{"rendered":"\n<p style=\"font-size:18px\"><strong>Projekt trwa 24 miesi\u0105ce od 01.10.2018r. do 30.09.2020r. <\/strong><\/p>\n\n\n\n<p style=\"font-size:18px\">Projekt  skierowany jest do 16 nauczycieli Zespo\u0142u Szk\u00f3\u0142 Ekonomicznych im. Jana  Paw\u0142a II w Z\u0142otowie. Uczestnicy projektu odb\u0119d\u0105 zagraniczne warsztaty i  szkolenia j\u0119zykowe, metodyczno-kulturowe oraz CLIL i TIK w Wielkiej  Brytanii, Austrii, W\u0142oszech i na Malcie. Mobilno\u015bci poprzedzone s\u0105  zaj\u0119ciami z przygotowania j\u0119zykowego oraz kulturowego. Ka\u017cdy z  uczestnik\u00f3w otrzyma certyfikat potwierdzaj\u0105cy zdobyte umiej\u0119tno\u015bci  j\u0119zykowe oraz Europass Mobilno\u015b\u0107.<\/p>\n\n\n\n<div class=\"wp-block-image\"><figure class=\"aligncenter\"><img fetchpriority=\"high\" decoding=\"async\" width=\"640\" height=\"480\" src=\"http:\/\/zsezlotow.edu.pl\/wp-content\/uploads\/2019\/05\/image000000.jpg\" alt=\"\" class=\"wp-image-377\" srcset=\"https:\/\/zsezlotow.edu.pl\/wp-content\/uploads\/2019\/05\/image000000.jpg 640w, https:\/\/zsezlotow.edu.pl\/wp-content\/uploads\/2019\/05\/image000000-300x225.jpg 300w\" sizes=\"(max-width: 640px) 100vw, 640px\" \/><\/figure><\/div>\n\n\n\n<p class=\"has-medium-font-size\"><strong>Celem projektu jest:<\/strong><\/p>\n\n\n\n<p style=\"font-size:18px\">&#8211; doskonalenie warsztatu pracy kadry poza granicami kraju, <br>&#8211; poznanie nowych metod i form pracy, w tym metody CLIL i sposob\u00f3w w\u0142\u0105czania social media i TIK w proces nauczania, <br>&#8211; wzrost kompetencji w zakresie TIK i zarz\u0105dzania projektami, pozyskiwaniem funduszy z UE , <br>&#8211; podniesienie sprawno\u015bci komunikowania si\u0119 w j\u0119zyku obcym, <br>&#8211;  poznanie nowych sposob\u00f3w budowania motywacji uczni\u00f3w i osi\u0105gania  lepszych wynik\u00f3w poprzez poznanie najnowszych trend\u00f3w z dziedziny  metodyki oraz wymian\u0119 do\u015bwiadcze\u0144 pomi\u0119dzy nauczycielami z innych kraj\u00f3w  EU, <br>&#8211;  mo\u017cliwo\u015b\u0107 doskonalenia warsztatu pracy w naturalnym \u015brodowisku  j\u0119zykowym dla nauczycieli j\u0119zyk\u00f3w obcych, &#8222;od\u015bwie\u017cenie&#8221; p\u0142ynno\u015bci  komunikacji,<br>&#8211; doskonalenie znajomo\u015bci wiedzy kulturowej o danym obszarze j\u0119zykowym, <br>&#8211;  umo\u017cliwienie nauczycielom poznania kultury innych kraj\u00f3w i nawi\u0105zania  wsp\u00f3\u0142pracy z r\u00f3\u017cnorodnym kulturowo \u015brodowiskiem nauczycieli w celu  przekazania uczniom zasad tolerancji, otwarto\u015bci w stosunku do innych  narod\u00f3w i zwyczaj\u00f3w, zapobiegania radykalizacji postaw i pogl\u0105d\u00f3w, <br>&#8211; doskonalenie znajomo\u015bci j\u0119zyk\u00f3w obcych na kursach j\u0119zykowych przez kadr\u0119 zarz\u0105dzaj\u0105c\u0105 szko\u0142\u0105, <br>&#8211; poszerzenie europejskiego obszaru wsp\u00f3\u0142pracy szko\u0142y o dzia\u0142ania w ramach e-Twinning, <br>&#8211; wzrost wymiaru europejskiego naszej plac\u00f3wki,<br>&#8211; umacnianie profilu zawodowego kadry, w tym wzrost kompetencji mi\u0119kkich.<\/p>\n\n\n\n<p style=\"font-size:18px\">&nbsp;&nbsp;&nbsp;&nbsp;  Dofinansowanie projektu z UE: 49530.00 \u20ac <\/p>\n","protected":false},"excerpt":{"rendered":"<p>Projekt trwa 24 miesi\u0105ce od 01.10.2018r. do 30.09.2020r. Projekt skierowany jest do 16 nauczycieli Zespo\u0142u Szk\u00f3\u0142 Ekonomicznych im. Jana Paw\u0142a II w Z\u0142otowie. Uczestnicy projektu odb\u0119d\u0105 zagraniczne warsztaty i szkolenia j\u0119zykowe, metodyczno-kulturowe oraz CLIL i TIK w Wielkiej Brytanii, Austrii, W\u0142oszech i na Malcie. Mobilno\u015bci poprzedzone s\u0105 zaj\u0119ciami z przygotowania j\u0119zykowego oraz kulturowego. Ka\u017cdy z&hellip;&nbsp;<a href=\"https:\/\/zsezlotow.edu.pl\/index.php\/nowoczesny-nauczyciel\/\" rel=\"bookmark\">Dowiedz si\u0119 wi\u0119cej &raquo;<span class=\"screen-reader-text\">Nowoczesny Nauczyciel<\/span><\/a><\/p>\n","protected":false},"author":1,"featured_media":0,"parent":0,"menu_order":0,"comment_status":"closed","ping_status":"closed","template":"","meta":{"neve_meta_sidebar":"","neve_meta_container":"","neve_meta_enable_content_width":"","neve_meta_content_width":0,"neve_meta_title_alignment":"","neve_meta_author_avatar":"","neve_post_elements_order":"","neve_meta_disable_header":"","neve_meta_disable_footer":"","neve_meta_disable_title":"","ngg_post_thumbnail":0,"footnotes":""},"class_list":["post-368","page","type-page","status-publish","hentry"],"_links":{"self":[{"href":"https:\/\/zsezlotow.edu.pl\/index.php\/wp-json\/wp\/v2\/pages\/368","targetHints":{"allow":["GET"]}}],"collection":[{"href":"https:\/\/zsezlotow.edu.pl\/index.php\/wp-json\/wp\/v2\/pages"}],"about":[{"href":"https:\/\/zsezlotow.edu.pl\/index.php\/wp-json\/wp\/v2\/types\/page"}],"author":[{"embeddable":true,"href":"https:\/\/zsezlotow.edu.pl\/index.php\/wp-json\/wp\/v2\/users\/1"}],"replies":[{"embeddable":true,"href":"https:\/\/zsezlotow.edu.pl\/index.php\/wp-json\/wp\/v2\/comments?post=368"}],"version-history":[{"count":3,"href":"https:\/\/zsezlotow.edu.pl\/index.php\/wp-json\/wp\/v2\/pages\/368\/revisions"}],"predecessor-version":[{"id":378,"href":"https:\/\/zsezlotow.edu.pl\/index.php\/wp-json\/wp\/v2\/pages\/368\/revisions\/378"}],"wp:attachment":[{"href":"https:\/\/zsezlotow.edu.pl\/index.php\/wp-json\/wp\/v2\/media?parent=368"}],"curies":[{"name":"wp","href":"https:\/\/api.w.org\/{rel}","templated":true}]}}