{"id":2781,"date":"2021-01-28T10:37:53","date_gmt":"2021-01-28T09:37:53","guid":{"rendered":"https:\/\/zsezlotow.edu.pl\/?page_id=2781"},"modified":"2021-01-28T11:17:28","modified_gmt":"2021-01-28T10:17:28","slug":"europejska-praktyka-zawodowa","status":"publish","type":"page","link":"https:\/\/zsezlotow.edu.pl\/index.php\/europejska-praktyka-zawodowa\/","title":{"rendered":"Europejska Praktyka Zawodowa"},"content":{"rendered":"\n<figure class=\"wp-block-image size-large\"><img fetchpriority=\"high\" decoding=\"async\" width=\"771\" height=\"177\" src=\"https:\/\/zsezlotow.edu.pl\/wp-content\/uploads\/2021\/01\/erasmus.jpg\" alt=\"\" class=\"wp-image-2782\" srcset=\"https:\/\/zsezlotow.edu.pl\/wp-content\/uploads\/2021\/01\/erasmus.jpg 771w, https:\/\/zsezlotow.edu.pl\/wp-content\/uploads\/2021\/01\/erasmus-300x69.jpg 300w, https:\/\/zsezlotow.edu.pl\/wp-content\/uploads\/2021\/01\/erasmus-768x176.jpg 768w\" sizes=\"(max-width: 771px) 100vw, 771px\" \/><\/figure>\n\n\n\n<p class=\"has-medium-font-size\">Ju\u017c kolejny raz wniosek projektowy opracowany przez grup\u0119 nauczycieli ZSE im. Jana Paw\u0142a II w Z\u0142otowie uzyska\u0142 wysokie oceny Narodowej Agencji i w konkursie grantowym zdoby\u0142 dofinansowanie w wysoko\u015bci ponad 90 tys. EUR na jego realizacj\u0119. Projekt EUROPEJSKA PRAKTYKA ZAWODOWA wsp\u00f3\u0142finansowany jest przez Uni\u0119 Europejsk\u0105 w ramach Programu ERASMUS+, Akcja 1: Mobilno\u015b\u0107 Edukacyjna, Sta\u017ce os\u00f3b ucz\u0105cych si\u0119 w zagranicznych przedsi\u0119biorstwach. Tym razem w przedsi\u0119wzi\u0119ciu realizowanym w latach 2014 \u2013 2016 we\u017amie udzia\u0142 39 uczni\u00f3w z klas Technikum nr 2 (ZSE) w zawodach: technik ekonomista, informatyk i handlowiec.<\/p>\n\n\n\n<p class=\"has-medium-font-size\">\u00a0\u00a0\u00a0\u00a0\u00a0\u00a0\u00a0\u00a0\u00a0\u00a0\u00a0 W maju 2015 na praktyk\u0119 zawodow\u0105 do Barcelos w Portugalii wyleci pierwsza grupa licz\u0105ca 17 uczni\u00f3w. Praktyki zosta\u0142y poprzedzone zaj\u0119ciami z przygotowania kulturowo-pedagogicznego i bran\u017cowego j\u0119zyka angielskiego. Podobnie jak dwie grupy sta\u017cyst\u00f3w ZSE odbywaj\u0105cych praktyki w Irlandii, uczestnicy projektu Europejska Praktyka Zawodowa brali udzia\u0142 w dodatkowych zaj\u0119ciach z bran\u017cowego j\u0119zyka angielskiego, uczyli si\u0119 m.in. jak funkcjonowa\u0107 w zagranicznym \u015brodowisku pracy, jak napisa\u0107 CV lub odby\u0107 rozmow\u0119 kwalifikacyjn\u0105 z zagranicznym pracodawc\u0105, na zaj\u0119ciach kulturowo-pedagogicznych zapoznawali si\u0119 z histori\u0105, kultur\u0105 i dziedzictwem narodowym Portugalii oraz trenowali kompetencje spo\u0142eczne. W ramach przygotowa\u0144 zorganizowano r\u00f3wnie\u017c spotkanie z grup\u0105 portugalskich uczni\u00f3w przebywaj\u0105cych w Z\u0142otowie w ramach projektu Comenius realizowanego w ZSE. Koordynatorem projektu jest Pani Joanna Maniak, a ponadto w zespole projektowym pracuj\u0105, Pani El\u017cbieta Jejer-Kokowska, Pani Dorota Sawicka oraz Pan Marek Sk\u00f3rcz.<\/p>\n\n\n\n<p class=\"has-medium-font-size\"><a href=\"https:\/\/zsezlotow.edu.pl\/index.php\/2021\/01\/28\/w-portugalii-tez-czasem-pada-deszcz\/\">W Portugalii te\u017c czasem pada deszcz.<\/a><\/p>\n\n\n\n<p class=\"has-medium-font-size\"><a href=\"https:\/\/zsezlotow.edu.pl\/index.php\/2021\/01\/28\/podsumowanie-i-tury-projektu-europejska-praktyka-zawodowa\/\">Podsumowanie I tury projektu Europejska Praktyka Zawodowa<\/a><\/p>\n\n\n\n<p class=\"has-medium-font-size\"><a href=\"https:\/\/zsezlotow.edu.pl\/index.php\/2021\/01\/28\/galeria-epz-i-tura\/\">Galeria EPZ &#8211; I tura<\/a><\/p>\n\n\n\n<p class=\"has-medium-font-size\"><a href=\"https:\/\/zsezlotow.edu.pl\/index.php\/2021\/01\/28\/praktyki-w-ekonomie-znowu-za-granica\/\">Praktyki w Ekonomie znowu za granic\u0105<\/a><\/p>\n\n\n\n<p class=\"has-medium-font-size\"><a href=\"https:\/\/zsezlotow.edu.pl\/index.php\/2021\/01\/28\/w-maju-praktyka-teraz-egzaminy-czyli-same-plusy-praktyk-ekonoma-w-hiszpanii\/\">W maju praktyka teraz egzaminy&#8230;<\/a><\/p>\n\n\n\n<p class=\"has-medium-font-size\"><a href=\"https:\/\/zsezlotow.edu.pl\/index.php\/2021\/01\/28\/adios-epz\/\">Adios EPZ!<\/a><\/p>\n","protected":false},"excerpt":{"rendered":"<p>Ju\u017c kolejny raz wniosek projektowy opracowany przez grup\u0119 nauczycieli ZSE im. Jana Paw\u0142a II w Z\u0142otowie uzyska\u0142 wysokie oceny Narodowej Agencji i w konkursie grantowym zdoby\u0142 dofinansowanie w wysoko\u015bci ponad 90 tys. EUR na jego realizacj\u0119. Projekt EUROPEJSKA PRAKTYKA ZAWODOWA wsp\u00f3\u0142finansowany jest przez Uni\u0119 Europejsk\u0105 w ramach Programu ERASMUS+, Akcja 1: Mobilno\u015b\u0107 Edukacyjna, Sta\u017ce os\u00f3b&hellip;&nbsp;<a href=\"https:\/\/zsezlotow.edu.pl\/index.php\/europejska-praktyka-zawodowa\/\" rel=\"bookmark\">Dowiedz si\u0119 wi\u0119cej &raquo;<span class=\"screen-reader-text\">Europejska Praktyka Zawodowa<\/span><\/a><\/p>\n","protected":false},"author":1,"featured_media":0,"parent":0,"menu_order":0,"comment_status":"closed","ping_status":"closed","template":"","meta":{"neve_meta_sidebar":"","neve_meta_container":"","neve_meta_enable_content_width":"","neve_meta_content_width":0,"neve_meta_title_alignment":"","neve_meta_author_avatar":"","neve_post_elements_order":"","neve_meta_disable_header":"","neve_meta_disable_footer":"","neve_meta_disable_title":"","ngg_post_thumbnail":0,"footnotes":""},"class_list":["post-2781","page","type-page","status-publish","hentry"],"_links":{"self":[{"href":"https:\/\/zsezlotow.edu.pl\/index.php\/wp-json\/wp\/v2\/pages\/2781","targetHints":{"allow":["GET"]}}],"collection":[{"href":"https:\/\/zsezlotow.edu.pl\/index.php\/wp-json\/wp\/v2\/pages"}],"about":[{"href":"https:\/\/zsezlotow.edu.pl\/index.php\/wp-json\/wp\/v2\/types\/page"}],"author":[{"embeddable":true,"href":"https:\/\/zsezlotow.edu.pl\/index.php\/wp-json\/wp\/v2\/users\/1"}],"replies":[{"embeddable":true,"href":"https:\/\/zsezlotow.edu.pl\/index.php\/wp-json\/wp\/v2\/comments?post=2781"}],"version-history":[{"count":3,"href":"https:\/\/zsezlotow.edu.pl\/index.php\/wp-json\/wp\/v2\/pages\/2781\/revisions"}],"predecessor-version":[{"id":3129,"href":"https:\/\/zsezlotow.edu.pl\/index.php\/wp-json\/wp\/v2\/pages\/2781\/revisions\/3129"}],"wp:attachment":[{"href":"https:\/\/zsezlotow.edu.pl\/index.php\/wp-json\/wp\/v2\/media?parent=2781"}],"curies":[{"name":"wp","href":"https:\/\/api.w.org\/{rel}","templated":true}]}}