{"id":1323,"date":"2019-10-15T12:31:08","date_gmt":"2019-10-15T10:31:08","guid":{"rendered":"https:\/\/zsezlotow.edu.pl\/?page_id=1323"},"modified":"2019-10-22T09:30:11","modified_gmt":"2019-10-22T07:30:11","slug":"biblioteka","status":"publish","type":"page","link":"https:\/\/zsezlotow.edu.pl\/index.php\/biblioteka\/","title":{"rendered":"Informacje"},"content":{"rendered":"\n<p style=\"font-size:24px;text-align:center\"><strong><em>Biblioteka <\/em><\/strong><strong><em>Multimedialne Centrum Informacji<\/em><\/strong><\/p>\n\n\n\n<p class=\"has-normal-font-size\"><em>&#8222;Biblioteka jest instytucj\u0105, kt\u00f3ra samym swoim istnieniem \u015bwiadczy&nbsp;o rozwoju kultury.<\/em><br><em>Jest ona bowiem skarbnic\u0105 pi\u015bmiennictwa, przez kt\u00f3re cz\u0142owiek wyra\u017ca sw\u00f3j zamys\u0142 tw\u00f3rczy, inteligencj\u0119, znajomo\u015b\u0107 \u015bwiata&nbsp;i ludzi, a tak\u017ce umiej\u0119tno\u015b\u0107 panowania nad sob\u0105, osobistego po\u015bwi\u0119cenia, solidarno\u015bci i pracy dla rozwoju dobra wsp\u00f3lnego.&#8221;<\/em><\/p>\n\n\n\n<p style=\"text-align:right\" class=\"has-normal-font-size\"><em>Jan Pawe\u0142 II, 11.06.1999 r., Warszawa, Biblioteka Uniwersytecka<\/em><\/p>\n\n\n\nngg_shortcode_0_placeholder\n\n\n\n<p style=\"font-size:18px\"><strong>Godziny wypo\u017cycze\u0144:\u00a0\u00a0 <br>Poniedzia\u0142ek\u00a0\u00a0\u00a0\u00a0\u00a0\u00a0 7.55- 14.20<br>Wtorek\u00a0\u00a0\u00a0\u00a0\u00a0\u00a0\u00a0\u00a0 \u00a0\u00a0\u00a0\u00a0\u00a0\u00a0 7.45 \u2013 13.30<br>\u015aroda\u00a0\u00a0\u00a0\u00a0\u00a0\u00a0\u00a0\u00a0\u00a0\u00a0 \u00a0\u00a0\u00a0\u00a0\u00a0\u00a0 7.45 \u2013 14.00<br>Czwartek\u00a0\u00a0\u00a0\u00a0 \u00a0\u00a0\u00a0\u00a0\u00a0\u00a0 7.55 \u2013 13.45<br>Pi\u0105tek\u00a0\u00a0\u00a0\u00a0\u00a0\u00a0\u00a0\u00a0\u00a0\u00a0 \u00a0\u00a0\u00a0\u00a0\u00a0\u00a0 7.45 \u2013 13.30<\/strong><\/p>\n\n\n\n<p style=\"font-size:18px\">Kontakt: 67&nbsp; 265 00 60 wewn. 37 <br>e-mail \u2013 <a href=\"mailto:biblioteka@zsezlotow.edu.pl\">biblioteka@zsezlotow.edu.pl<\/a><\/p>\n\n\n\n<p style=\"font-size:18px\"><strong>MIEJSKA&nbsp; BIBLIOTEKA PUBLICZNA&nbsp;&nbsp;&nbsp; <\/strong><br><a href=\"http:\/\/www.biblioteka-zlotow.pl\/\">http:\/\/www.biblioteka-zlotow.pl\/<\/a><\/p>\n\n\n\n<p style=\"font-size:18px\"><strong>Centrum&nbsp; Doskonalenia Nauczycieli&nbsp; w Pile<\/strong><br><strong>Biblioteka Pedagogiczna w Pile <\/strong><br><strong>Filia w Z\u0142otowie<\/strong><br><a href=\"http:\/\/zlotow.cdnpila.kylos.pl\/\">http:\/\/zlotow.cdnpila.kylos.pl\/<\/a><\/p>\n","protected":false},"excerpt":{"rendered":"<p>Biblioteka Multimedialne Centrum Informacji &#8222;Biblioteka jest instytucj\u0105, kt\u00f3ra samym swoim istnieniem \u015bwiadczy&nbsp;o rozwoju kultury.Jest ona bowiem skarbnic\u0105 pi\u015bmiennictwa, przez kt\u00f3re cz\u0142owiek wyra\u017ca sw\u00f3j zamys\u0142 tw\u00f3rczy, inteligencj\u0119, znajomo\u015b\u0107 \u015bwiata&nbsp;i ludzi, a tak\u017ce umiej\u0119tno\u015b\u0107 panowania nad sob\u0105, osobistego po\u015bwi\u0119cenia, solidarno\u015bci i pracy dla rozwoju dobra wsp\u00f3lnego.&#8221; Jan Pawe\u0142 II, 11.06.1999 r., Warszawa, Biblioteka Uniwersytecka Godziny wypo\u017cycze\u0144:\u00a0\u00a0 Poniedzia\u0142ek\u00a0\u00a0\u00a0\u00a0\u00a0\u00a0&hellip;&nbsp;<a href=\"https:\/\/zsezlotow.edu.pl\/index.php\/biblioteka\/\" rel=\"bookmark\">Dowiedz si\u0119 wi\u0119cej &raquo;<span class=\"screen-reader-text\">Informacje<\/span><\/a><\/p>\n","protected":false},"author":1,"featured_media":0,"parent":0,"menu_order":0,"comment_status":"closed","ping_status":"closed","template":"","meta":{"neve_meta_sidebar":"","neve_meta_container":"","neve_meta_enable_content_width":"","neve_meta_content_width":0,"neve_meta_title_alignment":"","neve_meta_author_avatar":"","neve_post_elements_order":"","neve_meta_disable_header":"","neve_meta_disable_footer":"","neve_meta_disable_title":"","ngg_post_thumbnail":0,"footnotes":""},"class_list":["post-1323","page","type-page","status-publish","hentry"],"_links":{"self":[{"href":"https:\/\/zsezlotow.edu.pl\/index.php\/wp-json\/wp\/v2\/pages\/1323","targetHints":{"allow":["GET"]}}],"collection":[{"href":"https:\/\/zsezlotow.edu.pl\/index.php\/wp-json\/wp\/v2\/pages"}],"about":[{"href":"https:\/\/zsezlotow.edu.pl\/index.php\/wp-json\/wp\/v2\/types\/page"}],"author":[{"embeddable":true,"href":"https:\/\/zsezlotow.edu.pl\/index.php\/wp-json\/wp\/v2\/users\/1"}],"replies":[{"embeddable":true,"href":"https:\/\/zsezlotow.edu.pl\/index.php\/wp-json\/wp\/v2\/comments?post=1323"}],"version-history":[{"count":6,"href":"https:\/\/zsezlotow.edu.pl\/index.php\/wp-json\/wp\/v2\/pages\/1323\/revisions"}],"predecessor-version":[{"id":1384,"href":"https:\/\/zsezlotow.edu.pl\/index.php\/wp-json\/wp\/v2\/pages\/1323\/revisions\/1384"}],"wp:attachment":[{"href":"https:\/\/zsezlotow.edu.pl\/index.php\/wp-json\/wp\/v2\/media?parent=1323"}],"curies":[{"name":"wp","href":"https:\/\/api.w.org\/{rel}","templated":true}]}}